 of u?
2, 5
Let p(s) = 11*s**2 + 31*s - 16. List the prime factors of p(-7).
2, 3, 17
Suppose 3*y = -y - 3*n - 7, -n - 11 = -3*y. Suppose 2*d + y*q = 3*q - 23, 0 = 5*d + 2*q + 44. List the prime factors of 2/(-5) - 234/d.
23
Suppose 0 = -2*j + 4*v + 22, -3*v = -5*j - v + 23. Let u = 52 + j. List the prime factors of u.
5, 11
Let l(v) = -56*v - 69. Let y be l(-9). Let g = y - 209. What are the prime factors of g?
2, 113
Suppose 4*m = 5*o - 2251, -o + 0*o - 3*m + 435 = 0. List the prime factors of o.
3, 149
Suppose 2*l - 1 = 3*h + 2, 2*h = -2. Suppose 4*t + 3*w - 598 - 78 = l, 4*w = 0. List the prime factors of t.
13
Suppose -2*b + 2 + 4 = 0. Let u(a) = a - 1. Let x be u(b). Suppose -x*y + 42 = 4*q, -5*y + y + 4*q = -36. List the prime factors of y.
13
Let m be (-9 + -11)/(4/(-18)). Suppose 5*a - m + 30 = 0. Suppose i + 2 = 0, 0*s = 2*s - 4*i - a. What are the prime factors of s?
2
Suppose 0 = -8*z + 5*z - 105. Let h = z + 180. List the prime factors of h.
5, 29
Let j be (-48)/8*(-1)/2. Suppose 3*f = -j*f + 18. Suppose -f*q = 4*h - 79, 3*h + 35 = 4*q - 62. List the prime factors of q.
5
Let w(p) = -3*p**3 + p**2 - 1. Let h be w(1). Let m = 5 - h. Suppose -140 = m*j - 10*j. What are the prime factors of j?
2, 5, 7
Suppose -2*i + 3*u + 203 = -4*i, 5*i = 2*u - 498. Let s = i - -155. List the prime factors of s.
5, 11
Suppose 25*q = 10653 + 15447. List the prime factors of q.
2, 3, 29
List the prime factors of 11 - (2 + -3456) - 6/2.
2, 3, 577
Suppose -o - 4*q - 203 + 746 = 0, 4*q - 2779 = -5*o. Let y = -346 + o. List the prime factors of y.
3, 71
Let v be (-6)/(-9) + (-10)/6. What are the prime factors of 97 + 16 - 4/v?
3, 13
Suppose 4*t + 20 = -3*a, 3*a = 3*t - 6*t - 18. What are the prime factors of (73 - 18) + a + 0?
3, 17
Let j(q) = -2*q - 7*q**2 - 4*q**3 + 3 - 2*q - 3*q**3. Let n(o) = 4*o**3 + 4*o**2 + 2*o - 2. Let r(s) = -3*j(s) - 5*n(s). What are the prime factors of r(3)?
43
Let x(g) = 176*g - 504. What are the prime factors of x(15)?
2, 3, 89
List the prime factors of (-4086)/(-8) - ((-525)/28)/(-25).
2, 3, 5, 17
Let g = -3 + -4. Let t(u) = -u - 3. Let z be t(g). Suppose -z*k + 9*k - 30 = 0. List the prime factors of k.
2, 3
Let c(l) = l**3 - 2*l**2 - l + 1. Let r be c(3). Suppose -12*z + 1715 = -r*z. List the prime factors of (z/28)/(1/4).
7
Let p(c) = 10*c - 11. Let w(g) = -g. Let y(i) = p(i) + 5*w(i). Let r be y(6). Let l = r + -16. What are the prime factors of l?
3
Suppose 3*t + 4 = 13, 0 = -l + 3*t. Let r be 2/(6/l) - 7. Let a(k) = -6*k - 5. List the prime factors of a(r).
19
Let m = 10 - 5. Suppose -2*g + 156 = m*w, w = -3*g + 41 + 219. List the prime factors of g.
2, 11
Let q be (2/4 + 0)*-10. Let l be (-3)/(-8) + 1395/(-72) + 3. Let v = q - l. What are the prime factors of v?
11
Let c(v) = 5344*v - 86. What are the prime factors of c(1)?
2, 11, 239
Let h = -6 + 11. Let x(o) = -o**3 + 6*o**2 + 2*o + 5. What are the prime factors of x(h)?
2, 5
Suppose 6*z = 25 + 11. Suppose 11*v - 14*v = z. Let p(g) = 10*g**2 + 2*g + 3. What are the prime factors of p(v)?
3, 13
Suppose r - 4 = -3*y, -3*y + y = 4. Suppose 3*n = 94 - r. Suppose 0 = 5*f - 3*f - n. What are the prime factors of f?
2, 7
Suppose 0 = 4*d + 4*n + 8, -5*d - 45 - 1 = -4*n. Let m = d - 10. Let c = m + 61. What are the prime factors of c?
3, 5
Suppose 3*g + 314 - 1853 = 0. What are the prime factors of g?
3, 19
Let k = 30 - 26. Suppose 13*a = k*a + 18. Suppose -a*g + 3*n + 18 = -0*g, g + 4 = -5*n. List the prime factors of g.
2, 3
Let l(c) = -c**2 + c. Let n(j) be the first derivative of -5*j**3/3 + 7*j**2 - 6*j - 2. Let o(t) = -4*l(t) + n(t). What are the prime factors of o(7)?
3, 5
Suppose 4*q + 5*p + 116 = 0, 5*q - 3*p + p = -145. Let z = -25 - q. Suppose 3*k + k + z*g - 212 = 0, -5*k = 2*g - 271. List the prime factors of k.
5, 11
Let z = -46 - -17. Let q = z - -33. List the prime factors of q.
2
Let s = -1653 + 2427. What are the prime factors of s?
2, 3, 43
Suppose 11 = x + 7. Let u = 1 - x. What are the prime factors of 6/u - 15*-2?
2, 7
Let h = -804 - -467. Let o = 585 + h. List the prime factors of o.
2, 31
Let l(t) = -54*t - 24. Let v be l(11). What are the prime factors of (2/4)/((-3)/v)?
103
Let n(i) be the third derivative of i**6/40 + i**4/6 + 2*i**3/3 - i**2 - 11*i. List the prime factors of n(4).
2, 53
Suppose 5*h - 4*m = 3942, 3*m = 4*h - 0*h - 3154. List the prime factors of h.
2, 5, 79
Suppose -94 = -2*d + 740. What are the prime factors of d?
3, 139
List the prime factors of 3022/3*((-39)/(-26) - 0).
1511
Let x(i) be the second derivative of 0*i**3 - 1/2*i**4 + 0 + 9*i + 1/20*i**5 - 3*i**2. What are the prime factors of x(7)?
43
Let t(n) = -5*n**2 + 2*n - 6. Let g(q) = -6*q**2 + q - 7. Let r(o) = -4*g(o) + 5*t(o). Let d be r(4). Suppose -2*p = -54 - d. What are the prime factors of p?
2, 3, 5
Suppose 0 = 11*k + 1 + 32. Let u = k - -66. List the prime factors of u.
3, 7
Let r(j) = -j + 20. Let a be r(9). Suppose 0 = -3*s + 5*v - 1, -4*s + v - 1 + a = 0. Suppose 5*x - 48 = s*x. What are the prime factors of x?
2, 3
Suppose -3*m - 2 = 4*z, -3*m - 34 = 2*z - 6*z. Let p(s) = s**3 + 9*s**2 + 13*s + 2. List the prime factors of p(m).
2
Let a(s) = s**3 - 4*s**2 - 3*s - 2. Let f be a(4). Let x be (f/3)/(2/9). Let m = x + 48. List the prime factors of m.
3
Let s = -3465 - -7094. List the prime factors of s.
19, 191
Let j(t) = t + 1. Suppose -2*q - b - b = -12, 0 = q + 5*b - 6. Let d be j(q). Suppose 0 = d*n - 3*n - 16. What are the prime factors of n?
2
Suppose 18 = 3*k + 4*n - 0, -4*n = -4*k + 52. List the prime factors of (1 + 1 + -3)/((-2)/k).
5
Suppose 8*c - 6*c - 20 = 0. What are the prime factors of (-15)/c*(-8)/6?
2
Let f = 2211 - 1973. What are the prime factors of f?
2, 7, 17
Let b(l) = 2 - 6*l - 2*l - l. Suppose -h + 2*x = 8, -3 = 4*h + x + 2. List the prime factors of b(h).
2, 5
Let b(s) = 530*s - 127. What are the prime factors of b(3)?
7, 11, 19
Let k(b) = -5*b + 8 - 1 - 15. What are the prime factors of k(-9)?
37
Let d(q) = 13*q - 24. Suppose -3*t + 2 + 16 = 0. List the prime factors of d(t).
2, 3
Let t = -27 + 63. What are the prime factors of t?
2, 3
Let d = 50 - 51. What are the prime factors of 28/(d/(-4)*1*2)?
2, 7
Suppose 2248 = 37*s - 1600. What are the prime factors of s?
2, 13
Suppose -470*c = -479*c + 21339. List the prime factors of c.
2371
Suppose -3*s = 3*a + 51, 35 = -a - 0*a + 5*s. Let x = 58 + a. What are the prime factors of x?
2, 19
Let j be (-2 - 1)/((-3)/4). Suppose 5*z = 7*z - j. List the prime factors of (15 - 25)/(z/(-3)).
3, 5
Let k = 86 - 86. Let y be (-51)/(-9)*(30 + 0). Suppose k*f + y = 5*f. What are the prime factors of f?
2, 17
Let m(g) be the third derivative of -6*g**2 + 0*g + 11/6*g**3 + 1/12*g**4 + 0. What are the prime factors of m(5)?
3, 7
List the prime factors of ((-11820)/140 + -11)*(-7)/2.
2, 167
Let z = 8 - 5. Let p be z*(-4)/(-3) - -3. Suppose -p*n - 15 = -10*n. List the prime factors of n.
5
Let c(d) = 7*d - 12. Suppose 18 = 3*q - 2*q. Let v = q - 11. What are the prime factors of c(v)?
37
Let n = 3539 + 459. What are the prime factors of n?
2, 1999
Let o(l) = 415*l + 869. List the prime factors of o(7).
2, 3, 17, 37
Suppose 0 = 3*x - 1 - 8. Let b be 5/(1/(-2 + x)). Suppose b*y + 6*k = k + 60, -29 = -3*y + 4*k. What are the prime factors of y?
11
Let w(i) = -i**3 - 12*i**2 - 10*i + 13. Let c be 3/6*42 - 4. Suppose 51 = -5*v - y, 0 = 3*y - c + 5. What are the prime factors of w(v)?
2
Let w(f) = -f**3 + 12*f**2 - 12*f + 8. Let l be w(11). What are the prime factors of l - ((-2)/(-6))/(3/(-657))?
2, 5, 7
Let w = 4638 - 1624. What are the prime factors of w?
2, 11, 137
Let a = -191 - -285. Let g = a - 20. What are the prime factors of g?
2, 37
Let k(f) = f**2 + 31*f - 198. What are the prime factors of k(8)?
2, 3, 19
Let v(t) = 2*t**2 + 28*t - 27. List the prime factors of v(11).
523
Let t = -1013 + 1733. What are the prime factors of t?
2, 3, 5
Let p(f) = 8*f**2 - 8*f - 15. List the prime factors of p(-6).
3, 107
Let h = 1109 + 1128. What are the prime factors of h?
2237
Let u(f) = 4*f - 30. What are the prime factors of u(14)?
2, 13
Let t(z) = -z**3 + 16*z**2 - 16*z + 19. Let o be t(15). Suppose -2*v - 8 + 424 = -o*y, 0 = 3*v + 3*y - 651. List the prime factors of v.
2, 107
Let s(f) = 2*f**2 - 8*f + 12. Let k